 highest common divisor of w and k.
5
Suppose 0 = -4*u - s + 147, 0 = -22*u + 27*u + s - 185. Calculate the greatest common divisor of u and 3800.
38
Let v be ((-3458)/(-42))/((-2)/(-6)). Suppose -6*i + 2*i - 3*d = -52, -2*d = -i + 13. Calculate the highest common factor of i and v.
13
Let r(w) = 509*w + 361. Let k(p) = 127*p + 90. Let g(b) = -9*k(b) + 2*r(b). Let d be g(-3). What is the highest common factor of d and 7?
7
Suppose 6*c + 137 = 53. Let s(y) = y**3 + 14*y**2 + 29. Let b be s(c). Let w = b + 19. Calculate the highest common divisor of 120 and w.
24
Let k = -586 + 590. Let p be -534*k*6/(-72) - 2. Calculate the greatest common divisor of p and 99.
11
Suppose -5*q = -t - 27, 13 = 5*t - 5*q - 32. Calculate the greatest common divisor of 1752 and t.
6
Let c be 3/18 + 3 + (-35)/(-6). Suppose -6*r + 405 = c*r. What is the highest common factor of r and 6?
3
Let a = -208 + 208. Let t(h) = h**2 - 37*h + 252. Let j be t(a). What is the greatest common factor of 105 and j?
21
Suppose 0 = d - 2*r - 8503, r - 5815 = -d + 2706. Calculate the highest common divisor of 13 and d.
13
Let t = 98 + 646. Let l = -679 + t. Let i(k) = k**2 + 5*k - 9. Let h be i(-7). Calculate the highest common divisor of h and l.
5
Let p = -6515 + 6614. What is the highest common divisor of 234 and p?
9
Let d = 103 + -101. Suppose 3*k - 4*m + 194 = 68, 3 = m. Let n = k + 41. What is the greatest common divisor of n and d?
1
Suppose -4*d + 17 = u, 3*u - 5 = -2. Suppose d*w - 52 = -5*n + 22, -4*w = 2*n - 68. Suppose 0 = -5*f + 34 + w. Calculate the greatest common divisor of f and 2.
2
Suppose 15953 = 8*i + 173*i + 120*i. What is the greatest common divisor of 10176 and i?
53
Let n(w) = -w**3 - 8 + 0*w**2 - 14*w - 2*w**2 + 2*w**3 + 0*w**2. Let l be n(5). Let c be 8/44 + l*702/(-33). Calculate the greatest common divisor of 8 and c.
8
Let t(k) = 820*k - 714. Let j be t(8). Calculate the greatest common divisor of 158 and j.
158
Let o = -26835 - -26849. Suppose 191 - 16 = 5*q. What is the highest common divisor of o and q?
7
Let t(d) = -39*d**3 + d**2 + 2*d + 99. Let p be t(0). Calculate the greatest common factor of 53559 and p.
99
Let m(k) = 4*k**2 - 749*k - 5395. Let r be m(-7). Suppose y = 6*y - 110. Calculate the greatest common factor of y and r.
22
Let t(m) = -71*m + 4463. Let c be t(60). Let l be 1/(-4) + 117/4. Calculate the highest common divisor of l and c.
29
Let o(v) be the first derivative of -v**3/3 + 5*v**2 - 8*v - 8. Let t be o(6). Calculate the greatest common divisor of 496 and t.
16
Suppose 0 = -75*g - 17*g + 34408. What is the greatest common factor of 66 and g?
22
Let z be -6 + 7 + 4 - (-2)/2. Suppose 5*l = -2*m + z*m + 126, -l = 4*m - 6. Calculate the greatest common divisor of l and 11.
11
Let b(z) = 17*z - 3. Let i be b(3). Suppose 7*j + 201 = 96. Let g = j + 87. Calculate the highest common factor of g and i.
24
Let y(k) = -k**2 - 2*k + 3. Let v be y(0). Let j be (-4)/(-4 + v) + 75. Suppose 31 + j = b. What is the greatest common factor of 10 and b?
10
Let d(j) = j**2 + 4*j - 8. Let p = 93 - 99. Let g be d(p). Let b be 9/2*g/2. Calculate the greatest common factor of 15 and b.
3
Suppose 93 = 3*j + 9. Suppose -7*y + 283 + 361 = 0. Suppose -10*h = 13*h - y. Calculate the highest common divisor of h and j.
4
Suppose 16*w - 196 = 1884. Suppose -5*o = 5*z - w, -3*z + 6*z - 77 = -2*o. Let b = 18 - 13. Calculate the greatest common factor of b and z.
5
Let s(i) = 3*i**3 - 6*i**2 + 51*i - 135. Let x be s(8). What is the highest common factor of 30 and x?
15
Let m = -433 + 440. What is the highest common divisor of 28 and m?
7
Suppose f + 28 = -5*p + 22, 20 = -4*p. What is the highest common factor of 1881 and f?
19
Let d be (12/42)/((-24)/210)*-1410. What is the highest common divisor of 30 and d?
15
Suppose 8132*a = 8168*a - 216. What is the greatest common divisor of a and 482?
2
Suppose -5*i + 62 = 2. Let d be 26/156 - (-6070)/i. Calculate the highest common factor of 22 and d.
22
Suppose 5*a + 12*t = 9*t - 44, 5*t = 35. Let x be 0 + (-1 - -1) + -532. Let b be (-2)/a - x/91. Calculate the highest common divisor of 48 and b.
6
Let n(y) = -y**3 + 3*y**2 + 6*y - 5. Let g be n(4). Let x = 29 + -35. Let d be 21 + (x/10)/((-7)/35). What is the greatest common factor of g and d?
3
Let v(k) = k - 5. Let h be v(19). Let t be 0*3*1/3. Let w be 38 + (t - 20/(-5)). What is the highest common divisor of w and h?
14
Suppose -2*k - 3*t + 1907 = 0, -11*k = -16*k - 3*t + 4763. Calculate the highest common divisor of 4 and k.
4
Let b = 82 + -80. Let p(h) = 47*h + 6. Let i be p(b). What is the greatest common factor of i and 20?
20
Suppose -819*r + 846*r - 2808 = 0. What is the highest common divisor of r and 1?
1
Let a = -415 + 417. Suppose 4*x - n = 36, 0 = x + a*n - 0*n - 18. Let w be (-1)/(-3) - (-418)/6. What is the greatest common factor of w and x?
10
Let i be ((-20)/(-6) - 3)*(-43 + 94). Suppose -332 - 248 = 5*u. Let b = 167 + u. What is the greatest common factor of i and b?
17
Suppose 70*b - 229877 = 28143. Calculate the highest common divisor of b and 76.
38
Suppose 0 = 4*r + o - 16765, -30*r + 2*o - 16770 = -34*r. What is the highest common factor of 10 and r?
10
Suppose 0 = 23*q - 337786 + 323917. Calculate the greatest common divisor of 414 and q.
9
Let c be (-4*3/(-8))/(2/644). Suppose 3*u = 5*i - 0*i - 96, -3*i + 54 = -3*u. What is the highest common factor of i and c?
21
Let k(c) = -2*c**2 + 34*c + 67. Let s be k(31). Let o = s - -826. Calculate the highest common divisor of 225 and o.
25
Let n = 77 + -99. Let t be (2 - -14)/(n/(-165)). What is the greatest common divisor of 12 and t?
12
Let s be -2 + (-4 - -3) + 39. Suppose -44 = -4*d - s. Suppose 4*r - 2*l - 46 = 0, -d*r + l + 33 = -2*l. What is the highest common factor of 18 and r?
9
Suppose 2*s + 61 = p - 3*s, -4*p - 2*s + 134 = 0. Let h be 7044/(-29350)*1*-5 - (-94)/5. Calculate the highest common divisor of h and p.
4
Let m = 49 - 44. Suppose 3*u - 239 = -u + m*g, -u + 51 = -3*g. Let h = -63 + u. Calculate the highest common factor of h and 6.
3
Let m be 8/(-92) + 20440/184. Let v be (-9)/(189/(-7))*m. What is the greatest common divisor of v and 1147?
37
Let k(z) = -6*z**2 + 29*z - 29. Let s be k(1). Let r(o) = 5*o + 123. Let a be r(s). What is the highest common factor of 31 and a?
31
Suppose -3*t + 10 = 2*o - 4, -14 = -2*o - 4*t. Suppose o*p - 128 + 583 = 0. Let m = -51 - p. What is the highest common factor of 21 and m?
7
Suppose 4*j = h - 27, 3*h + 6 = 5*j + 87. Suppose -h*d = -26*d + 3*s - 42, -d + 42 = -4*s. What is the highest common factor of 77 and d?
7
Let s(t) = 6*t**2 - 17*t + 8. Let d be s(8). What is the greatest common divisor of 22 and d?
2
Let c be (1/((-20)/384))/(10 - 408/40). Calculate the highest common divisor of c and 524.
4
Let l(u) = -2*u**3 + 181*u**2 + 287*u - 872. Let g be l(92). Calculate the highest common factor of 4220 and g.
20
Let x = -1603 - -2402. Calculate the highest common divisor of 329 and x.
47
Suppose 2*f = 114*y - 118*y + 4656, 1184 = y + 3*f. Calculate the highest common divisor of 3 and y.
1
Let w = -81 - -165. Let o be 1 + (1/(-2) - 57/(-38)). Suppose -d = -o*d + 7. What is the greatest common divisor of w and d?
7
Suppose -13*x + 5*i = -6696, 1890 + 198 = 4*x + 4*i. What is the greatest common factor of 1081 and x?
47
Suppose 7*p - 35787 = -2299. What is the greatest common divisor of p and 39?
13
Suppose -11*i + 801 = 746. Suppose 0 = -i*q - 25, 5*k + 0*q - 800 = 5*q. What is the greatest common factor of k and 15?
5
Let p be (-154)/(-4)*588/686. Suppose -3*l - 15 = 0, 2*i + 2*l - p = l. Calculate the highest common factor of 551 and i.
19
Let f be (9/6)/((-3)/(-108)). Let w = 25 - 67. Let y = 60 + w. Calculate the highest common factor of y and f.
18
Let c be (688/(-215))/(4/(-70)). Let q = 43 - 27. Suppose -5*u = 3*w - q - 95, -w - 75 = -3*u. What is the greatest common factor of c and u?
8
Let m be (9/(-3))/(24/16). Let c be (-936)/(-4) - (-1 + m/(-2)). Suppose 0*p - c = -6*p. Calculate the greatest common divisor of p and 26.
13
Suppose -5*f - 2*v + 1494 = 0, f = -2*f + 5*v + 915. Let y be (132/77)/(27/126). Suppose 5*j - y*j + f = 0. What is the highest common divisor of 25 and j?
25
Suppose 2*u - 10*f - 194 = -15*f, 5*f = -4*u + 358. Wh